et y(c) = 60*c + 10. Calculate y(-3).
-170
Let p(n) = 111*n - 5524. Determine p(51).
137
Let b(k) = 1521*k - 4576. Calculate b(3).
-13
Let r(f) = -f**2 - 12*f + 460. What is r(20)?
-180
Let g(c) = -c**3 + 101*c**2 - 392*c + 397. Determine g(97).
9
Let g(r) = r**3 - 5*r**2 - 138*r + 139. What is g(1)?
-3
Let n(j) = -35*j**2 - 87*j + 44. What is n(-3)?
-10
Let m(v) = 15*v + 603. Determine m(-38).
33
Let j(z) = 32*z + 40. Calculate j(-2).
-24
Let b(n) = 111*n + 4086. What is b(-37)?
-21
Let t(m) = 2026*m + 54698. Determine t(-27).
-4
Let v(c) = 42*c - 548. Give v(13).
-2
Let c(i) = 4*i**3 - i**2 + 25*i - 87. What is c(4)?
253
Let l(o) = -20*o**2 + 5*o + 10. What is l(-3)?
-185
Let v(p) = -2*p**3 + 9*p**2 + 51*p - 202. Give v(5).
28
Let f(y) = -5*y**2 + 116*y - 323. Calculate f(20).
-3
Let x(c) = -c**3 + 11*c**2 - 8*c + 105. What is x(11)?
17
Let t(f) = 54*f - 43. Give t(-1).
-97
Let y(d) = -3*d**3 + 73*d**2 - 59*d + 835. Give y(24).
-5
Let p(l) = -l**3 - 112*l**2 - 2*l - 143. What is p(-112)?
81
Let r(q) = 665*q - 5993. Calculate r(9).
-8
Let c(s) = -702*s + 9831. Determine c(14).
3
Let c(l) = -5*l**3 - 40*l**2 - 76*l + 2. Determine c(-5).
7
Let j(b) = -288*b - 1067. Calculate j(-4).
85
Let g(h) = 2*h**3 + 87*h**2 + 52*h + 365. Calculate g(-43).
-22
Let n(l) = -69*l + 3525. Calculate n(53).
-132
Let j(m) = 91*m - 1357. Determine j(15).
8
Let c(a) = -3*a**2 + 126*a - 156. What is c(41)?
-33
Let p(r) = -r**3 - 7*r**2 + 3*r - 40. Determine p(0).
-40
Let w(y) = 4*y**2 - 417*y + 3. What is w(0)?
3
Let z(k) = -76*k + 413. Give z(5).
33
Let z(y) = 2*y**3 + 21*y**2 - 71*y - 81. Give z(-13).
-3
Let t(w) = -18*w - 80. Determine t(-5).
10
Let c(g) = -g**3 - 20*g**2 + 24*g + 88. Calculate c(-21).
25
Let g(s) = 10*s**2 + 120*s - 146. Determine g(-13).
-16
Let f(j) = -50*j + 144. Determine f(8).
-256
Let q(p) = 159*p + 14940. Calculate q(-94).
-6
Let l(v) = -4*v**2 - 6*v + 1. Calculate l(4).
-87
Let f(d) = d**2 + 98*d + 1094. Determine f(-85).
-11
Let v(u) = -172*u - 226. Calculate v(-1).
-54
Let k(v) = -3*v**3 + 27*v**2 + 15*v + 13. What is k(10)?
-137
Let q(o) = -o**3 - 13*o**2 - 19*o - 47. What is q(-9)?
-200
Let w(s) = s**3 + 79*s**2 + 225*s + 261. What is w(-76)?
489
Let r(q) = -4*q**2 - 162*q + 142. Determine r(-42).
-110
Let i(m) = 81*m**2 - 6*m - 7. What is i(-1)?
80
Let b(n) = n**3 + 4*n**2 + 2*n - 12. Determine b(5).
223
Let d(f) = 373*f - 4103. Calculate d(11).
0
Let k(r) = -r**3 - 18*r**2 - 38*r - 6. Calculate k(-5).
-141
Let t(f) = -f**3 - 23*f**2 - 435*f - 6812. Calculate t(-19).
9
Let k(q) = -7*q + 17. What is k(17)?
-102
Let h(d) = 359*d - 480. Give h(1).
-121
Let j(u) = -u**2 - 901*u + 3618. Calculate j(4).
-2
Let j(p) = p**3 + 7*p**2 - 103*p - 727. Determine j(-7).
-6
Let f(m) = -3*m**2 - 156*m - 456. Determine f(-3).
-15
Let h(d) = -2*d**3 + 53*d**2 + 7*d + 518. What is h(27)?
-22
Let r(x) = -2*x**3 - 70*x**2 + 56*x + 1954. Determine r(-35).
-6
Let w(b) = 2*b**2 + 62*b + 49. What is w(-29)?
-67
Let a(l) = -l**3 - 8*l**2 + 15*l - 6. Determine a(-6).
-168
Let p(h) = -81*h - 1977. What is p(-35)?
858
Let s(a) = -4*a**2 - 45*a + 820. Calculate s(-21).
1
Let r(w) = 2*w**3 + 4*w**2 - 3*w - 17. What is r(-5)?
-152
Let o(q) = -q**3 - 31*q**2 - 59*q - 22. What is o(-29)?
7
Let m(n) = 20*n - 700. What is m(43)?
160
Let f(j) = 2*j**3 - 438*j**2 - 29*j + 6346. Give f(219).
-5
Let j(v) = -v**3 - 28*v**2 - 140*v + 157. What is j(-8)?
-3
Let f(r) = -r**3 + 10*r**2 - r - 44. Determine f(7).
96
Let c(a) = a**2 - 250*a - 4. Give c(250).
-4
Let y(z) = -z**3 + 13*z**2 + 14*z - 32. Give y(14).
-32
Let u(k) = k**2 + 74*k + 499. Determine u(-10).
-141
Let v(s) = s**3 - 5*s**2 + 26*s + 110. Calculate v(-3).
-40
Let u(g) = -198*g**2 - 2965*g - 10. Give u(-15).
-85
Let w(d) = 7*d - 336. Determine w(44).
-28
Let k(a) = -2*a**3 + 7*a**2 + 8*a - 65. Give k(4).
-49
Let k(a) = -2*a**3 - 69*a**2 - 23*a + 350. Determine k(-34).
-24
Let g(y) = -2422*y - 16938. What is g(-7)?
16
Let c(y) = 449*y + 4032. What is c(-9)?
-9
Let u(w) = -16*w + 168. Give u(8).
40
Let b(t) = -58*t + 657. What is b(0)?
657
Let f(z) = -z**2 + 242*z + 2255. Give f(-9).
-4
Let b(u) = u**2 - 205*u - 2348. What is b(-11)?
28
Let o(a) = 2*a**3 - 60*a**2 + 58*a - 23. Determine o(29).
-23
Let h(o) = o**3 - 68*o**2 + 186*o + 577. Determine h(65).
-8
Let p(s) = s**3 - 111*s**2 + 325*s - 69. Give p(108).
39
Let t(o) = -9*o**3 + 4*o**2 - o - 6. Calculate t(-2).
84
Let n(w) = w**3 + 35*w**2 - 1948*w + 114. Determine n(-65).
-16
Let k(j) = j**3 - 81*j**2 - 169*j + 216. Calculate k(83).
-33
Let q(m) = 911*m - 26. Give q(0).
-26
Let m(z) = 57*z**2 - 848*z - 100. Give m(15).
5
Let i(p) = -2*p**2 - 41*p + 525. Give i(9).
-6
Let d(n) = 2*n**3 + 13*n**2 + 28*n + 8. Calculate d(-6).
-124
Let g(t) = -t**3 + 19*t**2 - 74*t - 31. What is g(8)?
81
Let b(y) = y**3 - 6*y**2 - y - 58. What is b(7)?
-16
Let a(m) = -15*m**2 - 581*m - 416. Determine a(-38).
2
Let w(g) = -57*g - 3367. Calculate w(-59).
-4
Let p(v) = -2*v**3 - 281*v**2 + 135*v - 742. Determine p(-141).
104
Let t(o) = 2*o**2 + 84*o + 859. Give t(-24).
-5
Let b(p) = -p**3 + 135*p**2 + 14905*p - 212. Determine b(207).
-5
Let g(f) = 4*f**2 - 15*f + 69. Calculate g(7).
160
Let a(n) = 1872*n + 13095. Determine a(-7).
-9
Let r(q) = q + 248. Give r(-31).
217
Let b(y) = -21*y + 1. Calculate b(6).
-125
Let t(f) = 254*f - 29716. Determine t(117).
2
Let m(w) = w**3 - 24*w**2 + 178*w - 382. Give m(9).
5
Let z(a) = 12*a + 167. What is z(-18)?
-49
Let w(l) = -3*l**3 + 46*l**2 + 88*l - 46. Determine w(17).
5
Let r(f) = -547*f + 122. What is r(0)?
122
Let p(c) = -35*c**2 - 17*c + 71. Calculate p(5).
-889
Let c(u) = 3*u**2 - 11*u - 16. What is c(-7)?
208
Let p(d) = 109*d - 946. What is p(9)?
35
Let k(n) = 508*n + 7087. Determine k(-14).
-25
Let s(q) = -15*q**2 + 66*q + 28. What is s(5)?
-17
Let m(u) = -5*u**2 + 71*u - 143. Give m(2).
-21
Let z(b) = b**2 + 74*b - 5019. Determine z(43).
12
Let f(p) = -56*p - 1654. Calculate f(-37).
418
Let n(m) = 5*m**2 - 7*m - 4099. Give n(-28).
17
Let w(l) = -3008*l + 3005. Give w(1).
-3
Let w(j) = j**2 - 768*j - 28100. Determine w(-35).
5
Let x(g) = -18*g**2 - 200*g - 202. Determine x(-1).
-20
Let p(s) = -1138*s + 5692. What is p(5)?
2
Let x(j) = j**3 + 58*j**2 + 223*j + 12. What is x(-4)?
-16
Let c(g) = g**3 - 8*g**2 + 17*g + 42. Determine c(-6).
-564
Let j(g) = -2*g**2 + 103*g - 922. Calculate j(39).
53
Let q(p) = 108*p + 647. Calculate q(-6).
-1
Let u(c) = c**2 - 320*c + 2795. Give u(9).
-4
Let r(s) = s**3 - 12*s**2 - 3*s + 64. What is r(12)?
28
Let d(x) = -x**3 - 8*x**2 - 28*x - 105. What is d(-6)?
-9
Let f(z) = -153*z + 177. Give f(-3).
636
Let n(z) = -z**3 + 33*z**2 - 92*z - 49. Determine n(30).
-109
Let g(u) = -212*u**3 - 4*u - 4. Determine g(-1).
212
Let f(l) = -43*l + 1375. What is f(33)?
-44
Let o(j) = -j**3 + 15*j**2 - 42*j - 28. Determine o(10).
52
Let f(j) = -j**3 - 6*j**2 + 15*j + 67. What is f(-5)?
-33
Let j(q) = 485*q - 2903. Calculate j(6).
7
Let s(q) = 95*q**2 + 371*q - 28. Give s(-4).
8
Let o(s) = 2*s**3 - 69*s**2 - 2643*s + 39. Calculate o(-23).
-7
Let y(b) = 56*b + 3183. Calculate y(-57).
-9
Let v(q) = -70*q - 3619. What is v(-52)?
21
Let r(l) = 25*l + 173. What is r(-6)?
23
Let y(x) = x**3 + x**2 - 91*x. Determine y(6).
-294
Let x(p) = -p**3 + 5*p + 4. Calculate x(-3).
16
Let h(q) = 62*q + 818. Calculate h(-15).
-112
Let s(f) = 7*f**2 - 48*f + 2. Calculate s(7).
9
Let a(n) = 3*n**3 + 78*n**2 - 79*n + 78. Give a(-27).
24
Let d(m) = -99*m - 165. Calculate d(-1).
-66
Let c(z) = -108*z**2 - 6266*z - 112. Determine c(-58).
4
Let p(k) = 71*k - 1287. What is p(18)?
-9
Let t(g) = -1536*g + 13825. Determine t(9).
1
Let w(m) = -11*m - 391. What is w(-36)?
5
Let o(i) = i**2 - 15*i + 33. Calculate o(-5).
133
Let u(z) = -z**2 + 146*z - 981. Calculate u(7).
-8
Let c(j) = 6*j**3 - 5*j**2 - 2*j + 9. What is c(4)?
305
Let w(z) = 8*z**2 - 140*z + 202. Calculate w(16).
10
Let g(m) = -m**2 - 112*m - 723. Determine g(-7).
12
Let j(d) = d**3 - 6*d**2 + 4*d + 11. Give j(6).
35
Let p(c) = c**3 - 11*c**2 + 18*c - 53. What is p(11)?
145
Let h(i) = -i**3 - 20*i**2 - 35*i. Calculate h(-18).
-18
Let z(m) = 8*m**3 - 71*m**2 - 9*m - 4. Give z(9).
-4
Let s(z) = -86*z - 1177. Determine s(-15).
113
Let n(u) = 5*u**2 + 188*u + 74. Give n(-37).
-37
Let r(t)